{"id":285,"date":"2025-03-28T07:36:36","date_gmt":"2025-03-28T07:36:36","guid":{"rendered":"https:\/\/bacalhaubarents.com\/?page_id=285"},"modified":"2025-03-28T07:39:38","modified_gmt":"2025-03-28T07:39:38","slug":"policy","status":"publish","type":"page","link":"https:\/\/bacalhaubarents.com\/?page_id=285","title":{"rendered":"PRIVACY"},"content":{"rendered":"\n<p class=\"has-itc-kabel-std-font-family has-large-font-size\">POLITICAS DE PRIVACIDADE E COOKIES<\/p>\n\n\n\n<p><strong>Introdu\u00e7\u00e3o<\/strong><\/p>\n\n\n\n<p>Com o consentimento dos utilizadores empregamos cookies e ferramentas semelhantes no nosso website para melhorar o desempenho do mesmo e melhorar a experi\u00eancia dos nossos utilizadores. Os dados recolhidos pelos cookies utilizados neste site n\u00e3o nos possibilitam identificar utilizadores espec\u00edficos. Existem, por\u00e9m, dados que possibilitam a identifica\u00e7\u00e3o (como por exemplo endere\u00e7os de IP) que s\u00e3o recolhidos por determinados cookies de entidades terceiras, como por exemplo os cookies utilizados pela Google. Nestes casos a&nbsp;<strong>BACALHAU DO BARENTS &#8211; PRODUTOS ALIMENTARES, LDA<\/strong>&nbsp;s\u00f3 tem acesso aos dados devidamente tratados de forma a possibilitar an\u00e1lises estat\u00edsticas, sem ser poss\u00edvel identificar os utilizadores individuais. \u00c9 poss\u00edvel, no entanto, eliminar e\/ou desativar cookies previamente armazenados no seu dispositivo.<\/p>\n\n\n\n<p><strong>O que s\u00e3o cookies?<\/strong><\/p>\n\n\n\n<p>Um cookie \u00e9 um pequeno ficheiro de texto que um sistema web instala no seu computador ou dispositivo m\u00f3vel quando o visita. Estes ficheiros permitem que, durante um certo per\u00edodo de tempo, o website se \u00ablembre\u00bb das suas a\u00e7\u00f5es e prefer\u00eancias, nomeadamente do nome de utilizador, da l\u00edngua escolhida, do tamanho dos carateres e de outras defini\u00e7\u00f5es de visualiza\u00e7\u00e3o. \u00c9 por isso que, quando percorre as p\u00e1ginas de um s\u00edtio ou regressa a um s\u00edtio que j\u00e1 visitou, n\u00e3o tem, em princ\u00edpio, de voltar a indicar as suas prefer\u00eancias.<br>Certos cookies cont\u00eam informa\u00e7\u00e3o pessoal \u2013 por exemplo, se clicar em \u201cremember me\u201d ou \u201clembrar-me\u201d no momento do login, um cookie armazenar\u00e1 o seu nome de utilizador e\/ou permiss\u00f5es de acesso. A maioria dos cookies n\u00e3o recolhem informa\u00e7\u00f5es que permitem identificar os utilizadores, e limita-se a recolher informa\u00e7\u00f5es de natureza mais geral tais como a origem dos utilizadores que chegam ao site, ou a localiza\u00e7\u00e3o n\u00e3o exata do utilizador.<br>De uma forma geral os dados recolhidos pelos cookies utilizados neste website n\u00e3o nos possibilitam identificar utilizadores espec\u00edficos. Existem, por\u00e9m, dados que possibilitam a identifica\u00e7\u00e3o que s\u00e3o recolhidos por determinados cookies de entidades terceiras, como por exemplo os cookies utilizados pela Google. Nestes casos a&nbsp;<strong>BACALHAU DO BARENTS &#8211; PRODUTOS ALIMENTARES, LDA<\/strong>., s\u00f3 tem acesso aos dados devidamente tratados de forma a possibilitar an\u00e1lises estat\u00edsticas, sem ser poss\u00edvel identificar os utilizadores individuais.<\/p>\n\n\n\n<p><strong>Para que servem os cookies?<\/strong><\/p>\n\n\n\n<p>A maior parte dos cookies utilizados por este website s\u00e3o cookies essenciais ou estritamente necess\u00e1rios para o funcionamento do site. Exemplos deste tipo de cookies s\u00e3o: cookies de input do utilizador; cookies de autentica\u00e7\u00e3o; cookies de softwares de reprodu\u00e7\u00e3o de conte\u00fado multim\u00e9dia.<\/p>\n\n\n\n<p>Tamb\u00e9m utilizamos cookies para fins de marketing e promo\u00e7\u00e3o das marcas da&nbsp;<strong>BACALHAU DO BARENTS &#8211; PRODUTOS ALIMENTARES, LDA<\/strong>., como \u00e9 o caso de cookies de entidades terceiras como do Google AdWords, Google Analytics e do Facebook. Este tipo de cookies permite analisar comportamentos de utilizadores no s\u00edtio web e a intera\u00e7\u00e3o destes mesmos utilizadores com an\u00fancios online das marcas da&nbsp;<strong>BACALHAU DO BARENTS &#8211; PRODUTOS ALIMENTARES, LDA<\/strong>. Ao mesmo tempo permitem que se fa\u00e7am an\u00fancios personalizados para um certo p\u00fablico alvo com base em interesses ou necessidade previamente registados nos cookies em quest\u00e3o. \u00c9, no entanto, de salientar que os cookies utilizados para fins de marketing ou promo\u00e7\u00e3o n\u00e3o armazenam informa\u00e7\u00f5es pessoais que possam permitir uma identifica\u00e7\u00e3o direta dos utilizadores.<\/p>\n\n\n\n<p><strong>Como pode gerir os cookies?<\/strong><\/p>\n\n\n\n<p>Pode apagar todos os cookies j\u00e1 instalados no seu computador ou dispositivo m\u00f3vel ou ativar uma op\u00e7\u00e3o dispon\u00edvel na maioria dos programas de navega\u00e7\u00e3o que impede a sua instala\u00e7\u00e3o. Mas se o fizer, poder\u00e1 ter de configurar manualmente algumas prefer\u00eancias sempre que visitar um s\u00edtio e corre o risco de desativar determinados servi\u00e7os e funcionalidades:<\/p>\n\n\n\n<ul class=\"wp-block-list\">\n<li>Microsoft Internet Explorer<\/li>\n\n\n\n<li>Google Chrome<\/li>\n\n\n\n<li>Mozilla Firefox<\/li>\n\n\n\n<li>Apple Safari<\/li>\n\n\n\n<li>Edge<\/li>\n<\/ul>\n\n\n\n<p><strong>Cookies de plataformas e sites externos<\/strong><\/p>\n\n\n\n<p>Como forma de suporte \u00e0 nossa publica\u00e7\u00e3o de conte\u00fados, por vezes s\u00e3o inclu\u00eddos fotos e conte\u00fados v\u00eddeo de outros websites, como o Youtube,Flickr e etc. Ao visitar publica\u00e7\u00f5es com conte\u00fados como os atr\u00e1s mencionados, poder\u00e3o ser criados cookies destes websites. A<strong>&nbsp;BACALHAU DO BARENTS &#8211; PRODUTOS ALIMENTARES, LDA<\/strong>&nbsp;n\u00e3o tem qualquer controlo na dissemina\u00e7\u00e3o destes cookies.<\/p>\n\n\n\n<h1 class=\"wp-block-heading\"><strong>POLITICAS DE PRIVACIDADE<\/strong><\/h1>\n\n\n\n<p><strong>Introdu\u00e7\u00e3o<\/strong><br>Na BACALHAU DO BARENTS &#8211; PRODUTOS ALIMENTARES, LDA, Lda., respeitamos a privacidade de quem utiliza os nossos produtos, entre os quais os sites e aplica\u00e7\u00f5es que disponibilizamos periodicamente. Neste documento referimo-nos \u00e0 SUCCESSPIGMENT , Lda., como \u201cBACALHAU DO BARENTS &#8211; PRODUTOS ALIMENTARES, LDA\u201d. Este documento, a \u201cPol\u00edtica de Privacidade\u201d, explica como recolhemos, processamos e armazenamos qualquer dado pessoal que lhe perten\u00e7a, ou seja, informa\u00e7\u00e3o que permite identific\u00e1-lo, como o nome, a morada, o n\u00famero de telefone ou o email. Esta informa\u00e7\u00e3o \u00e9 referida neste documento como \u201cinforma\u00e7\u00e3o pessoal\u201d ou \u201cdados pessoais\u201d.<\/p>\n\n\n\n<ol class=\"wp-block-list\">\n<li><strong>Que tipo de informa\u00e7\u00f5es pessoais recolhemos?<\/strong><\/li>\n<\/ol>\n\n\n\n<p>Eventualmente solicitamos informa\u00e7\u00f5es de identifica\u00e7\u00e3o pessoal quando solicita um servi\u00e7o, responde a um inqu\u00e9rito, participa num concurso, troca correspond\u00eancia connosco ou participa em determinadas outras actividades.<\/p>\n\n\n\n<p>Voc\u00ea decide se deseja prosseguir com qualquer actividade que solicite informa\u00e7\u00f5es pessoais.<\/p>\n\n\n\n<p>No entanto, se n\u00e3o quiser fornecer as informa\u00e7\u00f5es pessoais solicitadas, poder\u00e1 n\u00e3o conseguir concluir a transac\u00e7\u00e3o.<\/p>\n\n\n\n<p>Da mesma forma, quando visita os nossos Websites, recolheremos informa\u00e7\u00f5es conhecidas como \u201cclickstreams\u201d (endere\u00e7o IP, nome do dom\u00ednio, etc.). Estas informa\u00e7\u00f5es, combinadas com os dados que nos facultou, permitem-nos personalizar melhor as suas visitas.<\/p>\n\n\n\n<ol start=\"2\" class=\"wp-block-list\">\n<li><strong>Como usamos as informa\u00e7\u00f5es que recolhemos?<\/strong><\/li>\n<\/ol>\n\n\n\n<p>Usamos as informa\u00e7\u00f5es pessoais das seguintes formas:<\/p>\n\n\n\n<p>1. Para lhe fornecer informa\u00e7\u00f5es sobre actualiza\u00e7\u00f5es de produtos, novos produtos, servi\u00e7os, newsletters, e-mails informativos e pesquisas sobre ideias para futuros produtos ou melhoramentos;<\/p>\n\n\n\n<p>2. Para nos ajudar a criar conte\u00fados relevantes para si;<\/p>\n\n\n\n<p>3. Para lhe disponibilizar ofertas especiais que possam ser do seu interesse;<\/p>\n\n\n\n<p>4. Para nos ajudar a criar melhores produtos e servi\u00e7os que satisfa\u00e7am as suas necessidades;<\/p>\n\n\n\n<p>5. Para lhe permitir efectuar o download de documentos, obter acesso a servi\u00e7os ou participar noutras actividades que seleccione;<\/p>\n\n\n\n<p>6. Para o ajudar a encontrar rapidamente software, servi\u00e7os ou informa\u00e7\u00f5es sobre produtos importantes para si.<\/p>\n\n\n\n<ol start=\"3\" class=\"wp-block-list\">\n<li><strong>Como protegemos as suas informa\u00e7\u00f5es pessoais?<\/strong><\/li>\n<\/ol>\n\n\n\n<p>Para garantir a seguran\u00e7a das suas informa\u00e7\u00f5es pessoais, estabelecemos uma s\u00e9rie de medidas de seguran\u00e7a e prote\u00e7\u00f5es. As suas informa\u00e7\u00f5es pessoais s\u00e3o guardadas em redes seguras, que apenas podem ser acedidas por um limitado n\u00famero de pessoas que det\u00eam direitos de acesso especiais e se comprometem a respeitar e manter a natureza confidencial de tais informa\u00e7\u00f5es.<\/p>\n\n\n\n<p>N\u00e3o obstante estas medidas, quando faculta informa\u00e7\u00f5es pessoais na Internet existe sempre um risco de que estas possam ser interceptadas e usadas por terceiros fora do nosso controlo. Embora envidemos todos os esfor\u00e7os para proteger as suas informa\u00e7\u00f5es pessoais e a sua privacidade, n\u00e3o podemos garantir a seguran\u00e7a das informa\u00e7\u00f5es que disponibilize atrav\u00e9s da Internet.<\/p>\n\n\n\n<ol start=\"4\" class=\"wp-block-list\">\n<li><strong>Quem tem acesso \u00e0s suas informa\u00e7\u00f5es pessoais e at\u00e9 que ponto?<\/strong><\/li>\n<\/ol>\n\n\n\n<p>Al\u00e9m da nossa empresa e marcas da empresa e para os efeitos acima descritos, n\u00e3o vendemos, trocamos ou transferimos a terceiros as suas informa\u00e7\u00f5es pessoais, sob forma alguma. As suas informa\u00e7\u00f5es pessoais podem ser transferidas a fornecedores externos subcontratados para nos fornecerem determinados servi\u00e7os. Podem ser usadas para fornecer assist\u00eancia t\u00e9cnica. Exigimos a tais fornecedores subcontratados que mantenham as informa\u00e7\u00f5es pessoais dos nossos clientes seguras e confidenciais. Exigimos igualmente que estes fornecedores usem as informa\u00e7\u00f5es pessoais apenas em nome da BACALHAU DO BARENTS &#8211; PRODUTOS ALIMENTARES, LDA Poder\u00e1 a qualquer altura optar por n\u00e3o permitir a partilha das suas informa\u00e7\u00f5es pessoais com terceiros. Tal pedido pode ser efetuado atrav\u00e9s da nossa p\u00e1gina Internet na sec\u00e7\u00e3o de contactos ou simplesmente por nos endere\u00e7ar um e-mail.<\/p>\n\n\n\n<ol start=\"5\" class=\"wp-block-list\">\n<li><strong>Links<\/strong><\/li>\n<\/ol>\n\n\n\n<p>Por forma a melhorar os servi\u00e7os oferecidos, poderemos incluir links para Websites de terceiros. A BACALHAU DO BARENTS &#8211; PRODUTOS ALIMENTARES, LDA n\u00e3o se responsabiliza pelas pr\u00e1ticas de privacidade de tais Websites. Recomendamos que leia as respectivas declara\u00e7\u00f5es de privacidade, pois poder\u00e3o ser diferentes da nossa. A BACALHAU DO BARENTS &#8211; PRODUTOS ALIMENTARES, LDA n\u00e3o poder\u00e1 ser responsabilizada, nem poder\u00e1 ser considerada respons\u00e1vel, pelo conte\u00fado e pelas atividades de tais Websites.<\/p>\n\n\n\n<ol start=\"6\" class=\"wp-block-list\">\n<li><strong>Op\u00e7\u00f5es e anula\u00e7\u00e3o<\/strong><\/li>\n<\/ol>\n\n\n\n<p>Os seus direitos em rela\u00e7\u00e3o \u00e0 sua informa\u00e7\u00e3o pessoal:<\/p>\n\n\n\n<p>Pode contactar-nos por email caso deseje ver, editar ou apagar qualquer informa\u00e7\u00e3o pessoal que tenhamos armazenado, como o nome, morada, email ou n\u00famero de telefone.<\/p>\n\n\n\n<ol start=\"7\" class=\"wp-block-list\">\n<li><strong>Altera\u00e7\u00f5es \u00e0 pol\u00edtica de privacidade<\/strong><\/li>\n<\/ol>\n\n\n\n<p>No futuro, poderemos optar por modificar ou actualizar esta pol\u00edtica, quer devido a altera\u00e7\u00f5es na legisla\u00e7\u00e3o, quer por forma a abranger novos desenvolvimentos da Internet. Assim sendo, reservamo-nos o direito de efectuar quaisquer altera\u00e7\u00f5es nesse sentido e solicitamos que visite esta p\u00e1gina regularmente, uma vez que tais altera\u00e7\u00f5es poder\u00e3o afect\u00e1-lo enquanto visitante do nosso website.<\/p>\n\n\n\n<ol start=\"8\" class=\"wp-block-list\">\n<li><strong>Contacte-nos<\/strong><\/li>\n<\/ol>\n\n\n\n<p>Para quaisquer quest\u00f5es relativas a esta pol\u00edtica de privacidade e aspectos de privacidade dos nossos produtos e servi\u00e7os, ou para efectuar uma reclama\u00e7\u00e3o, \u00e9 favor contactar:<br>BACALHAU DO BARENTS &#8211; PRODUTOS ALIMENTARES, LDA,<br>AVENIDA DA MARGINAL, PORTO BACALHOEIRO<br>3830-552 GAFANHA DA NAZAR\u00c9<\/p>\n\n\n\n<ol start=\"9\" class=\"wp-block-list\">\n<li><strong>Quem administra as informa\u00e7\u00f5es pessoais?<\/strong><\/li>\n<\/ol>\n\n\n\n<p>Tanto os nosso Website como as informa\u00e7\u00f5es recolhidas s\u00e3o administradas e controladas pela BACALHAU DO BARENTS &#8211; PRODUTOS ALIMENTARES, LDA, toda a comunica\u00e7\u00e3o \u00e9 encriptada garantido uma n\u00edvel de seguran\u00e7a muito elevado.<\/p>\n\n\n\n<ol start=\"10\" class=\"wp-block-list\">\n<li><strong>Dados pessoais em nossa gest\u00e3o anteriores ao novo regulamento<\/strong><\/li>\n<\/ol>\n\n\n\n<p>Todos os nossos clientes, fornecedores e outros, que nos tenham cedido os seus dados numa situa\u00e7\u00e3o de venda ou presta\u00e7\u00e3o de servi\u00e7o, foram informados verbalmente que ir\u00edamos fazer recurso a esses dados para comunica\u00e7\u00f5es de campanhas, promo\u00e7\u00f5es ou circulares informativos do seu interesse, as nossas policias prev\u00eaem que no prazo de 30 dias ap\u00f3s esta actualiza\u00e7\u00e3o se o cliente n\u00e3o nos notificar do contrario continuamos autorizados por ele a fazer utiliza\u00e7\u00e3o dos seus dados pessoais, ainda assim e a qualquer momento o cliente pode pedir consulta, edi\u00e7\u00e3o ou mesmo para que os seus dados sejam completamente apagados conforme ponto&nbsp;<strong>6. Da presente politica.<\/strong><\/p>\n\n\n\n<ol start=\"11\" class=\"wp-block-list\">\n<li><strong>Situa\u00e7\u00f5es Especiais<\/strong><\/li>\n<\/ol>\n\n\n\n<p>Para fornecer o(s) servi\u00e7o(s) podemos ter de tornar informa\u00e7\u00e3o pessoal e an\u00f3nima dispon\u00edvel a terceiros. Isto s\u00f3 acontecer\u00e1, contudo, nestas circunst\u00e2ncias espec\u00edficas:<\/p>\n\n\n\n<p>1. com o seu consentimento expresso;<\/p>\n\n\n\n<p>2. quando de boa f\u00e9 acreditamos ser requerido por lei;<\/p>\n\n\n\n<p>3. quando de boa f\u00e9 acreditamos ser necess\u00e1rio para proteger os nossos direitos ou propriedade;<\/p>\n\n\n\n<p>4. quando h\u00e1 transmiss\u00e3o a algum sucessor ou comprador, numa fus\u00e3o, aquisi\u00e7\u00e3o, liquida\u00e7\u00e3o, dissolu\u00e7\u00e3o ou venda de ativos.<\/p>\n\n\n\n<p>O seu consentimento n\u00e3o ser\u00e1 requerido para divulga\u00e7\u00e3o nestes casos, mas procuraremos sempre notific\u00e1-lo na medida em que tal seja poss\u00edvel por lei.<\/p>\n\n\n\n<p>Ao navegar no nosso site, esta a aceitar as nossas politicas de privacidade.<\/p>\n\n\n\n<p>Este documento foi atualizado no dia 13\/03\/2018<\/p>\n","protected":false},"excerpt":{"rendered":"<p>POLITICAS DE PRIVACIDADE E COOKIES Introdu\u00e7\u00e3o Com o consentimento dos utilizadores empregamos cookies e ferramentas semelhantes no nosso website para melhorar o desempenho do mesmo e melhorar a experi\u00eancia dos nossos utilizadores. Os dados recolhidos pelos cookies utilizados neste site n\u00e3o nos possibilitam identificar utilizadores espec\u00edficos. Existem, por\u00e9m, dados que possibilitam a identifica\u00e7\u00e3o (como por [&hellip;]<\/p>\n","protected":false},"author":1,"featured_media":0,"parent":0,"menu_order":0,"comment_status":"closed","ping_status":"closed","template":"","meta":{"_uag_custom_page_level_css":"","footnotes":""},"class_list":["post-285","page","type-page","status-publish","hentry"],"uagb_featured_image_src":{"full":false,"thumbnail":false,"medium":false,"medium_large":false,"large":false,"1536x1536":false,"2048x2048":false,"depicter-thumbnail":false},"uagb_author_info":{"display_name":"admin","author_link":"https:\/\/bacalhaubarents.com\/?author=1"},"uagb_comment_info":0,"uagb_excerpt":"POLITICAS DE PRIVACIDADE E COOKIES Introdu\u00e7\u00e3o Com o consentimento dos utilizadores empregamos cookies e ferramentas semelhantes no nosso website para melhorar o desempenho do mesmo e melhorar a experi\u00eancia dos nossos utilizadores. Os dados recolhidos pelos cookies utilizados neste site n\u00e3o nos possibilitam identificar utilizadores espec\u00edficos. Existem, por\u00e9m, dados que possibilitam a identifica\u00e7\u00e3o (como por&hellip;","_links":{"self":[{"href":"https:\/\/bacalhaubarents.com\/index.php?rest_route=\/wp\/v2\/pages\/285","targetHints":{"allow":["GET"]}}],"collection":[{"href":"https:\/\/bacalhaubarents.com\/index.php?rest_route=\/wp\/v2\/pages"}],"about":[{"href":"https:\/\/bacalhaubarents.com\/index.php?rest_route=\/wp\/v2\/types\/page"}],"author":[{"embeddable":true,"href":"https:\/\/bacalhaubarents.com\/index.php?rest_route=\/wp\/v2\/users\/1"}],"replies":[{"embeddable":true,"href":"https:\/\/bacalhaubarents.com\/index.php?rest_route=%2Fwp%2Fv2%2Fcomments&post=285"}],"version-history":[{"count":4,"href":"https:\/\/bacalhaubarents.com\/index.php?rest_route=\/wp\/v2\/pages\/285\/revisions"}],"predecessor-version":[{"id":292,"href":"https:\/\/bacalhaubarents.com\/index.php?rest_route=\/wp\/v2\/pages\/285\/revisions\/292"}],"wp:attachment":[{"href":"https:\/\/bacalhaubarents.com\/index.php?rest_route=%2Fwp%2Fv2%2Fmedia&parent=285"}],"curies":[{"name":"wp","href":"https:\/\/api.w.org\/{rel}","templated":true}]}}